{"id":182,"date":"2024-10-23T09:14:35","date_gmt":"2024-10-23T09:14:35","guid":{"rendered":"https:\/\/dracoingenieria.com\/?page_id=182"},"modified":"2024-12-02T09:10:17","modified_gmt":"2024-12-02T09:10:17","slug":"lineas-electricas","status":"publish","type":"page","link":"https:\/\/dracoingenieria.com\/index.php\/lineas-electricas\/","title":{"rendered":"L\u00edneas el\u00e9ctricas"},"content":{"rendered":"\n<p>\u2022&nbsp;Proyectos y estudios para l\u00edneas el\u00e9ctricas.<\/p>\n\n\n\n<p>\u2022&nbsp;Toma de datos de campo para el dise\u00f1o de detalles planim\u00e9tricos en la banda de afecci\u00f3n.<\/p>\n\n\n\n<p>\u2022 Toma de datos para alturas de apoyos y\u00a0catenarias.<\/p>\n\n\n\n<p><br>\u2022\u00a0Toma de\u00a0perfiles\u00a0longitudinales en campo, midiendo todos los cruzamientos existentes en la traza de la futura l\u00ednea el\u00e9ctrica o de la existente.<\/p>\n\n\n\n<p><br>\u2022\u00a0Encaje del\u00a0trazado\u00a0en campo controlando los detalles del terreno, \u00e1ngulos y distancias tolerables para la\u00a0distribuci\u00f3n de vanos.\u00a0Replanteo de apoyos el\u00e9ctricos.<\/p>\n\n\n\n<p>\u2022 Gesti\u00f3n de datos catastrales para la relaci\u00f3n de bienes afectados.<\/p>\n\n\n\n<p><br>\u2022\u00a0Cartograf\u00eda urbana para proyectos de soterramientos de l\u00edneas el\u00e9ctricas<\/p>\n","protected":false},"excerpt":{"rendered":"<p>\u2022&nbsp;Proyectos y estudios para l\u00edneas el\u00e9ctricas. \u2022&nbsp;Toma de datos de campo para el dise\u00f1o de detalles planim\u00e9tricos en la banda de afecci\u00f3n. \u2022 Toma de datos para alturas de apoyos y\u00a0catenarias. \u2022\u00a0Toma de\u00a0perfiles\u00a0longitudinales en campo, midiendo todos los cruzamientos existentes en la traza de la futura l\u00ednea el\u00e9ctrica o de la existente. \u2022\u00a0Encaje del\u00a0trazado\u00a0en campo [&hellip;]<\/p>\n","protected":false},"author":1,"featured_media":0,"parent":0,"menu_order":0,"comment_status":"closed","ping_status":"closed","template":"","meta":{"footnotes":""},"class_list":["post-182","page","type-page","status-publish","hentry"],"yoast_head":"<!-- This site is optimized with the Yoast SEO plugin v24.3 - https:\/\/yoast.com\/wordpress\/plugins\/seo\/ -->\n<title>L\u00edneas el\u00e9ctricas - Draco Ingenieria<\/title>\n<meta name=\"robots\" content=\"index, follow, max-snippet:-1, max-image-preview:large, max-video-preview:-1\" \/>\n<link rel=\"canonical\" href=\"https:\/\/dracoingenieria.com\/index.php\/lineas-electricas\/\" \/>\n<meta property=\"og:locale\" content=\"es_ES\" \/>\n<meta property=\"og:type\" content=\"article\" \/>\n<meta property=\"og:title\" content=\"L\u00edneas el\u00e9ctricas - Draco Ingenieria\" \/>\n<meta property=\"og:description\" content=\"\u2022&nbsp;Proyectos y estudios para l\u00edneas el\u00e9ctricas. \u2022&nbsp;Toma de datos de campo para el dise\u00f1o de detalles planim\u00e9tricos en la banda de afecci\u00f3n. \u2022 Toma de datos para alturas de apoyos y\u00a0catenarias. \u2022\u00a0Toma de\u00a0perfiles\u00a0longitudinales en campo, midiendo todos los cruzamientos existentes en la traza de la futura l\u00ednea el\u00e9ctrica o de la existente. \u2022\u00a0Encaje del\u00a0trazado\u00a0en campo [&hellip;]\" \/>\n<meta property=\"og:url\" content=\"https:\/\/dracoingenieria.com\/index.php\/lineas-electricas\/\" \/>\n<meta property=\"og:site_name\" content=\"Draco Ingenieria\" \/>\n<meta property=\"article:modified_time\" content=\"2024-12-02T09:10:17+00:00\" \/>\n<meta name=\"twitter:card\" content=\"summary_large_image\" \/>\n<meta name=\"twitter:label1\" content=\"Tiempo de lectura\" \/>\n\t<meta name=\"twitter:data1\" content=\"1 minuto\" \/>\n<script type=\"application\/ld+json\" class=\"yoast-schema-graph\">{\"@context\":\"https:\/\/schema.org\",\"@graph\":[{\"@type\":\"WebPage\",\"@id\":\"https:\/\/dracoingenieria.com\/index.php\/lineas-electricas\/\",\"url\":\"https:\/\/dracoingenieria.com\/index.php\/lineas-electricas\/\",\"name\":\"L\u00edneas el\u00e9ctricas - Draco Ingenieria\",\"isPartOf\":{\"@id\":\"https:\/\/dracoingenieria.com\/#website\"},\"datePublished\":\"2024-10-23T09:14:35+00:00\",\"dateModified\":\"2024-12-02T09:10:17+00:00\",\"breadcrumb\":{\"@id\":\"https:\/\/dracoingenieria.com\/index.php\/lineas-electricas\/#breadcrumb\"},\"inLanguage\":\"es\",\"potentialAction\":[{\"@type\":\"ReadAction\",\"target\":[\"https:\/\/dracoingenieria.com\/index.php\/lineas-electricas\/\"]}]},{\"@type\":\"BreadcrumbList\",\"@id\":\"https:\/\/dracoingenieria.com\/index.php\/lineas-electricas\/#breadcrumb\",\"itemListElement\":[{\"@type\":\"ListItem\",\"position\":1,\"name\":\"Portada\",\"item\":\"https:\/\/dracoingenieria.com\/\"},{\"@type\":\"ListItem\",\"position\":2,\"name\":\"L\u00edneas el\u00e9ctricas\"}]},{\"@type\":\"WebSite\",\"@id\":\"https:\/\/dracoingenieria.com\/#website\",\"url\":\"https:\/\/dracoingenieria.com\/\",\"name\":\"Draco Ingenieria\",\"description\":\"\",\"publisher\":{\"@id\":\"https:\/\/dracoingenieria.com\/#organization\"},\"potentialAction\":[{\"@type\":\"SearchAction\",\"target\":{\"@type\":\"EntryPoint\",\"urlTemplate\":\"https:\/\/dracoingenieria.com\/?s={search_term_string}\"},\"query-input\":{\"@type\":\"PropertyValueSpecification\",\"valueRequired\":true,\"valueName\":\"search_term_string\"}}],\"inLanguage\":\"es\"},{\"@type\":\"Organization\",\"@id\":\"https:\/\/dracoingenieria.com\/#organization\",\"name\":\"Draco Ingenieria\",\"url\":\"https:\/\/dracoingenieria.com\/\",\"logo\":{\"@type\":\"ImageObject\",\"inLanguage\":\"es\",\"@id\":\"https:\/\/dracoingenieria.com\/#\/schema\/logo\/image\/\",\"url\":\"https:\/\/dracoingenieria.com\/wp-content\/uploads\/2024\/10\/logo2.png\",\"contentUrl\":\"https:\/\/dracoingenieria.com\/wp-content\/uploads\/2024\/10\/logo2.png\",\"width\":206,\"height\":240,\"caption\":\"Draco Ingenieria\"},\"image\":{\"@id\":\"https:\/\/dracoingenieria.com\/#\/schema\/logo\/image\/\"}}]}<\/script>\n<!-- \/ Yoast SEO plugin. -->","yoast_head_json":{"title":"L\u00edneas el\u00e9ctricas - Draco Ingenieria","robots":{"index":"index","follow":"follow","max-snippet":"max-snippet:-1","max-image-preview":"max-image-preview:large","max-video-preview":"max-video-preview:-1"},"canonical":"https:\/\/dracoingenieria.com\/index.php\/lineas-electricas\/","og_locale":"es_ES","og_type":"article","og_title":"L\u00edneas el\u00e9ctricas - Draco Ingenieria","og_description":"\u2022&nbsp;Proyectos y estudios para l\u00edneas el\u00e9ctricas. \u2022&nbsp;Toma de datos de campo para el dise\u00f1o de detalles planim\u00e9tricos en la banda de afecci\u00f3n. \u2022 Toma de datos para alturas de apoyos y\u00a0catenarias. \u2022\u00a0Toma de\u00a0perfiles\u00a0longitudinales en campo, midiendo todos los cruzamientos existentes en la traza de la futura l\u00ednea el\u00e9ctrica o de la existente. \u2022\u00a0Encaje del\u00a0trazado\u00a0en campo [&hellip;]","og_url":"https:\/\/dracoingenieria.com\/index.php\/lineas-electricas\/","og_site_name":"Draco Ingenieria","article_modified_time":"2024-12-02T09:10:17+00:00","twitter_card":"summary_large_image","twitter_misc":{"Tiempo de lectura":"1 minuto"},"schema":{"@context":"https:\/\/schema.org","@graph":[{"@type":"WebPage","@id":"https:\/\/dracoingenieria.com\/index.php\/lineas-electricas\/","url":"https:\/\/dracoingenieria.com\/index.php\/lineas-electricas\/","name":"L\u00edneas el\u00e9ctricas - Draco Ingenieria","isPartOf":{"@id":"https:\/\/dracoingenieria.com\/#website"},"datePublished":"2024-10-23T09:14:35+00:00","dateModified":"2024-12-02T09:10:17+00:00","breadcrumb":{"@id":"https:\/\/dracoingenieria.com\/index.php\/lineas-electricas\/#breadcrumb"},"inLanguage":"es","potentialAction":[{"@type":"ReadAction","target":["https:\/\/dracoingenieria.com\/index.php\/lineas-electricas\/"]}]},{"@type":"BreadcrumbList","@id":"https:\/\/dracoingenieria.com\/index.php\/lineas-electricas\/#breadcrumb","itemListElement":[{"@type":"ListItem","position":1,"name":"Portada","item":"https:\/\/dracoingenieria.com\/"},{"@type":"ListItem","position":2,"name":"L\u00edneas el\u00e9ctricas"}]},{"@type":"WebSite","@id":"https:\/\/dracoingenieria.com\/#website","url":"https:\/\/dracoingenieria.com\/","name":"Draco Ingenieria","description":"","publisher":{"@id":"https:\/\/dracoingenieria.com\/#organization"},"potentialAction":[{"@type":"SearchAction","target":{"@type":"EntryPoint","urlTemplate":"https:\/\/dracoingenieria.com\/?s={search_term_string}"},"query-input":{"@type":"PropertyValueSpecification","valueRequired":true,"valueName":"search_term_string"}}],"inLanguage":"es"},{"@type":"Organization","@id":"https:\/\/dracoingenieria.com\/#organization","name":"Draco Ingenieria","url":"https:\/\/dracoingenieria.com\/","logo":{"@type":"ImageObject","inLanguage":"es","@id":"https:\/\/dracoingenieria.com\/#\/schema\/logo\/image\/","url":"https:\/\/dracoingenieria.com\/wp-content\/uploads\/2024\/10\/logo2.png","contentUrl":"https:\/\/dracoingenieria.com\/wp-content\/uploads\/2024\/10\/logo2.png","width":206,"height":240,"caption":"Draco Ingenieria"},"image":{"@id":"https:\/\/dracoingenieria.com\/#\/schema\/logo\/image\/"}}]}},"_links":{"self":[{"href":"https:\/\/dracoingenieria.com\/index.php\/wp-json\/wp\/v2\/pages\/182","targetHints":{"allow":["GET"]}}],"collection":[{"href":"https:\/\/dracoingenieria.com\/index.php\/wp-json\/wp\/v2\/pages"}],"about":[{"href":"https:\/\/dracoingenieria.com\/index.php\/wp-json\/wp\/v2\/types\/page"}],"author":[{"embeddable":true,"href":"https:\/\/dracoingenieria.com\/index.php\/wp-json\/wp\/v2\/users\/1"}],"replies":[{"embeddable":true,"href":"https:\/\/dracoingenieria.com\/index.php\/wp-json\/wp\/v2\/comments?post=182"}],"version-history":[{"count":3,"href":"https:\/\/dracoingenieria.com\/index.php\/wp-json\/wp\/v2\/pages\/182\/revisions"}],"predecessor-version":[{"id":303,"href":"https:\/\/dracoingenieria.com\/index.php\/wp-json\/wp\/v2\/pages\/182\/revisions\/303"}],"wp:attachment":[{"href":"https:\/\/dracoingenieria.com\/index.php\/wp-json\/wp\/v2\/media?parent=182"}],"curies":[{"name":"wp","href":"https:\/\/api.w.org\/{rel}","templated":true}]}}